+ 5*t = 6. Is 2 - t*(-51)/6 a composite number?
False
Let s(w) = 50*w - 708. Is s(47) a prime number?
False
Let b(j) = -10*j - 44. Let r be b(-5). Suppose r*y - 16*y + 12190 = 0. Is y prime?
False
Suppose -4*d + 5 = -3*u - 9, 0 = -4*u - 2*d - 4. Is -2153*(-2 + (-2)/u) a composite number?
False
Let v = -1714 + 1158. Is -2 + -1 + 0 - v a prime number?
False
Suppose -15 = 5*j, f + 112 = -2*j + 4. Suppose 0 = 3*y + 3, y = 2*i - 5*i - 13. Is (f/(-2 - i))/(-1) a prime number?
False
Suppose p - 1 = -r + 2, 3*p = 5*r - 15. Suppose 2*w - 2*t = t + 23, -3*t + 19 = 4*w. Is -1*(p + w*-13) composite?
True
Suppose -4*j + u - 37 = 0, 41 = -2*j - 2*u + 7*u. Let h = 12 + j. Suppose 0 = f + h*f - 1235. Is f composite?
True
Let q = 68995 + -38141. Is q a prime number?
False
Let t = -51116 + 101427. Is t composite?
False
Let x(v) = v**3 + 2*v**2 - 5*v + 38941. Is x(0) a composite number?
True
Let k(n) = n**3 + 8*n**2 + 13*n + 8. Let f be k(-6). Let s(r) = 93*r**2 + 2. Let p be s(f). Suppose p = -4*a + 6*a. Is a composite?
True
Suppose 167 = a - 86. Is a composite?
True
Suppose -l - 3*n = -149, l + 2*l + 2*n = 447. Let d = l - 86. Suppose 5*p + 4*c = 358 - d, p - 59 = 3*c. Is p a prime number?
True
Let g be -4 + 3 + -2 + 1*5. Suppose -r - 4*r + 3*b = -2426, -2*b = g*r - 980. Is r a prime number?
True
Let t = 32153 + 2820. Is t composite?
True
Suppose q = -0 + 1. Let m be (q - 0) + (-3 - -6). Suppose -770 = m*n - 2694. Is n a prime number?
False
Is 124 + 1 - 6*10/(-10) a prime number?
True
Let c(t) = 7*t - 9*t**2 + 50*t**2 + 38*t**2 - 6 + 17. Is c(-3) composite?
False
Let f(d) = d**2 + 2*d - 7. Let j be f(-3). Is -18201*(11/3 + j) a prime number?
True
Let p(z) = -6*z - 12. Let y be p(-5). Let c be (11 + 4)*4/12. Suppose -o + 16 = o - c*g, y = 2*o - 4*g. Is o composite?
False
Is (-4391)/2*-3*(-18)/(-27) prime?
True
Let v(r) = 9*r**2 + 2*r - 1. Let f be v(1). Let u be 6/f - (-15)/(-25). Suppose u = -2*d + 93 + 65. Is d a prime number?
True
Let w(q) = 267*q**2 - 169*q + 169. Is w(1) a composite number?
True
Suppose -2*c = 0, -28*h + 30*h - 2*c - 3734 = 0. Is h a composite number?
False
Suppose 3*f + x - 106 = 0, x + 0*x + 110 = 3*f. Let t = f + 93. Is t composite?
True
Let w(r) be the first derivative of r**3 - 2*r**2 + 3*r - 1. Let k be w(3). Is k/12 - (-331)/2 composite?
False
Suppose -5*j = -s + 829, -s + 5*s + 4*j - 3364 = 0. Is s composite?
False
Suppose 0 = -10*q + 9*q. Is (-2 + 111 + q)/1 a composite number?
False
Suppose v - 3*y + 102 = 367, -y = -v + 259. Let r = 675 - v. Is r a prime number?
True
Let v(p) = -p - 1. Let d(f) = 7*f**2 + 8*f + 17. Let j(g) = d(g) + 6*v(g). Is j(-10) a prime number?
True
Is (-4)/(17/((-1720689)/12)) a composite number?
False
Suppose 14 + 16 = -3*d. Let g(i) = -5*i - 13. Is g(d) composite?
False
Let y = 5359 - 1416. Is y prime?
True
Let y(p) = -6*p**3 + 6*p**2 - 2*p + 7. Let z = 72 - 78. Is y(z) composite?
False
Suppose 2*l - 3*n - 6724 = 0, -l + 23*n + 3369 = 18*n. Is l a prime number?
True
Let m = 10811 - -1436. Is m a composite number?
True
Suppose -12*r + 25 = -7*r. Suppose r*h + 98 = 7*h. Let m = h + 94. Is m composite?
True
Suppose 0*h - 2*h + 26284 = q, 20 = -4*h. Is q a composite number?
True
Suppose 3*l + 15 = -0*c - 5*c, -2*l - 4*c - 12 = 0. Suppose l = -4*x - 0*x + 8. Let k = 39 - x. Is k a prime number?
True
Suppose -4*j + 1052 = -16. Let q(f) = -f**2 + 4*f - 7. Let z be q(5). Is (-4)/(z/j)*1 composite?
False
Let o(y) be the third derivative of y**5/10 - y**4/12 + 4*y**3/3 - 4*y**2. Let l be o(6). Suppose -l = -5*a + 1043. Is a a composite number?
False
Let i(k) = 5*k**2 - k. Let w be i(1). Let h = -4 + 4. Suppose h = -4*n + 4*c + 127 + 201, w*c - 182 = -2*n. Is n composite?
True
Is (-822)/(-51) + -16 - 172614/(-34) a composite number?
False
Suppose 7397*b = 7399*b - 89230. Is b composite?
True
Suppose -5*r = -10*r + 3155. Is r prime?
True
Let j be (-12)/20 + 78/5. Let c(f) = 2*f**2 - 16*f + 13. Is c(j) a prime number?
True
Let h(v) = 87*v + 7. Let g be h(-8). Let u = -382 - g. Is u a prime number?
True
Is (286 - -10) + (-6)/2 prime?
True
Let q = -14 + 11. Let c be q + -2*5/(-2). Suppose -4*f = -8*f - 3*s + 232, c*f + 2*s = 116. Is f a prime number?
False
Is 378276/145 - (-2)/10 composite?
False
Suppose -4*m = 4*c - 3*m + 2, 2*m + 4 = -4*c. Let n = -770 - -1343. Suppose 3*h + 335 = 3*x - 238, 3*x + 4*h - n = c. Is x a prime number?
True
Let g = 4180 + -1677. Is g a prime number?
True
Let a(p) = -23*p - 1. Let u be a(-14). Let c = -212 + u. Is c a composite number?
False
Let d(k) = -380*k + 1. Suppose 0 = 2*o + 2. Let m be d(o). Suppose b = 4*b - m. Is b composite?
False
Suppose -155*c = -56*c - 5648445. Is c a composite number?
True
Let s = 1740 - -991. Is s a composite number?
False
Let f be 3/1 + 6 + -4. Suppose f*d - 4*n = 22, -3*d + 3*n = -5 - 10. Suppose -k - 70 = -x, -6*k = d*x - 3*k - 115. Is x prime?
False
Suppose 4 - 27 = -5*u - 4*g, u + 4*g = 11. Suppose -3*c - 21 = -4*k, 5 + u = k + 2*c. Is -2*(-3)/(k/337) prime?
True
Is (8307150/750)/(1/5) prime?
True
Suppose -19*m = 11*m - 22170. Is m a prime number?
True
Let j be (55/(-22))/(1/(-4)). Is (-13096)/(-6) + j/30 composite?
True
Let f(r) = r**3 + r**2 - 7*r - 2. Let h be f(-5). Let o = h + 261. Is o a prime number?
False
Let z(n) = 0*n**2 + 1 - n**2 + 0*n**2 - 2*n**2 + 6*n**3. Is z(2) prime?
True
Suppose -6*p + 1644 = -4470. Is p composite?
False
Let c be (-12)/(-9) + 10/15. Suppose 2*a = 5*y - 10, -c*a = -a + 3*y - 17. Suppose -3*b - 5*v = -968, a*v + 3 = -22. Is b prime?
True
Suppose 0 = 3*h + 3*q - 102, -5*h + 62 + 102 = 3*q. Let m = -107 + 154. Suppose -h - m = -2*d. Is d a composite number?
True
Suppose -3*i + 0 = 12. Is 1394 + (-4 - (i - 3)) prime?
False
Let n(b) = 347*b**3 - 6*b**2 + 3*b - 15. Is n(4) a prime number?
True
Suppose 40 = 2*c + 3*c. Let w = -15 + c. Is 2/w - (-31170)/70 a composite number?
True
Let k(g) = 7 - g - 4*g + 2*g + 4*g. Let v be k(-3). Suppose -v*m - c + 33 = -352, m + c = 94. Is m a prime number?
True
Let i(y) be the second derivative of y**4/24 + y**3/3 - 2*y**2 - 3*y. Let a(h) be the first derivative of i(h). Is a(5) a prime number?
True
Suppose h - 15 = -67. Is 2/(-13) + (-996)/h prime?
True
Let o = -61 + 100. Let k = o + 50. Is k prime?
True
Let b(c) = -c**3 + 4*c**2 + 6*c - 7. Let w be b(5). Is (w - 0)*(-1036)/8 composite?
True
Suppose 8*s + 5*p = 3*s - 30, 3*p = 3. Let g be s - -4 - (4 - 3). Is -409*(3 - (8 + g)) composite?
False
Let v be 6/33 + (-45)/(-55). Suppose -s = -2*u - 1, -5*s = -u - 4 - v. Suppose y + 5*h - 241 = u, 0 = 4*y - h - 521 - 485. Is y composite?
False
Let c(v) = -v**3 - 8*v**2 - 6*v + 9. Let f be c(-7). Suppose -f*u + 5*u = 699. Is u composite?
False
Let k(z) = z**2 + z + 2. Let h be k(-1). Suppose 5*g - h*g - 381 = 0. Is g a composite number?
False
Let h(s) = s**3 + 39*s**2 + 16*s - 19. Is h(-32) composite?
False
Let l(m) = 85*m**3 + 13*m**2 - 4*m + 4. Let r(n) = 42*n**3 + 7*n**2 - 2*n + 2. Let y(w) = 3*l(w) - 5*r(w). Is y(3) a composite number?
True
Let t = -17082 + 37399. Is t a prime number?
False
Suppose 3368 + 141 = 5*u + 3*q, -2820 = -4*u + 4*q. Is u a composite number?
True
Let r(k) = -4*k - 28. Let w be r(-7). Suppose 3*n - n + 4*a - 2730 = w, -5*a + 4093 = 3*n. Is n a composite number?
False
Let u = -1919 + 2909. Suppose -2*b = -u + 376. Is b composite?
False
Suppose 1764 = 42*v - 46*v. Let k = v + 620. Is k a composite number?
False
Let j = -28 - -32. Suppose -2*b + 4*s = -b - 209, 4 = j*s. Is b a prime number?
False
Suppose 0 = -4*g + 22 - 6. Suppose 31 = 5*n - 4*f - 30, 5*n = -g*f + 29. Is (-642)/(-21) - n/(-21) composite?
False
Let f = -1672 - -3324. Suppose 6*x - f = 2*x. Is x prime?
False
Let r(z) = 13 - z**3 + 9*z - 6 - 2*z**2 - 7. Let w be r(-5). Suppose -9*h = -4*h - w. Is h prime?
False
Is 1 - (14 - 9) - -76299 composite?
True
Let q(x) be the second derivative of x**4/12 + 3*x**2/2 - 3*x. Suppose -2*h = 3 + 5. Is q(h) a composite number?
False
Let h(g) = 7*g**3 - 4*g**2 - 22*g + 7. Is h(6) composite?
True
Let c(y) = -22*y + 34. Let u(s) = -21*s + 33. Let z(k) = 6*c(k) - 7*u(k). Is z(4) a composite number?
True
Let j(s) = -s**3 - 4*s**2 - 2*s + 4. Suppose 4*p + 3 = 3*q, 0 = -3*q + q - 3*p - 15. Let m be j(q). Is (92 + m)*(-4)/(-12) a prime number?
True
Let j = 8 + -5. Suppose 0 =